
In base 13, what is -336 + 28b?
-78
In base 4, what is -2 - 200102000?
-200102002
In base 4, what is -123013022323 - 3?
-123013022332
In base 14, what is 20 - -1b94?
1bb4
In base 4, what is -232020 + 102?
-231312
In base 5, what is -441044 + -324?
-441423
In base 10, what is 3 + -2994?
-2991
In base 5, what is -2 - -4021024?
4021022
In base 5, what is 14120 + 10224?
24344
In base 15, what is 12 - -88a9?
88bb
In base 3, what is 1011 + 20201?
21212
In base 14, what is -2c4 + 41c?
138
In base 5, what is 4434 - 1223?
3211
In base 12, what is -77 + -116?
-191
In base 12, what is -6 + -10b5?
-10bb
In base 2, what is 1010111100100110 + 10000?
1010111100110110
In base 15, what is 8 - 3320?
-3317
In base 11, what is 11 + 353?
364
In base 15, what is -2d - 274?
-2a2
In base 16, what is -299 + 1f?
-27a
In base 14, what is 1 + 3d92b?
3d92c
In base 7, what is 64040 - 11?
64026
In base 7, what is 2402 + -204?
2165
In base 16, what is bc69 - -2?
bc6b
In base 7, what is 113 - -63116?
63232
In base 12, what is -266 + 438?
192
In base 12, what is 3 + 1459?
1460
In base 14, what is 2744 + 45?
2789
In base 5, what is 200 + 13223?
13423
In base 13, what is a - 81?
-74
In base 11, what is 304 + 210?
514
In base 6, what is 4154 - 10114?
-1520
In base 3, what is -12221112 - -211?
-12220201
In base 10, what is -4 - -489645?
489641
In base 3, what is -1222 - -100002202?
100000210
In base 12, what is 1ba - 710?
-512
In base 5, what is -403 - -1301?
343
In base 14, what is -2b3 + -124?
-3d7
In base 15, what is -2a6ce7 - 4?
-2a6ceb
In base 11, what is 5 - -3549?
3553
In base 12, what is 24 - -125?
149
In base 3, what is 220001 - 120001?
100000
In base 4, what is -130131 + -21110?
-211301
In base 13, what is 226cc - -1?
22700
In base 12, what is -4 + 9333?
932b
In base 2, what is -10010111010 - -101100001?
-1101011001
In base 11, what is -2012993 + -3?
-2012996
In base 16, what is 20b6c + -1?
20b6b
In base 11, what is -3 + 6a17?
6a14
In base 9, what is -5834220 + -3?
-5834223
In base 9, what is -3 + -126167?
-126171
In base 15, what is -310e - 3?
-3112
In base 14, what is -1 + 2983?
2982
In base 13, what is a386 + -3?
a383
In base 6, what is 3214321 - 3?
3214314
In base 16, what is -16 + 7f16?
7f00
In base 3, what is -10 - -10022101100?
10022101020
In base 4, what is -11 - -23333020?
23333003
In base 13, what is -4 + cc7?
cc3
In base 15, what is -4 - 2ebc?
-2ec1
In base 8, what is -2550 + 1451?
-1077
In base 10, what is 5055 - -31?
5086
In base 6, what is 43 - -10101?
10144
In base 15, what is 22172 - -5?
22177
In base 2, what is 100001011010 - -10?
100001011100
In base 16, what is a2b9 - -16?
a2cf
In base 10, what is -17 - 1176?
-1193
In base 9, what is 4 - -15785?
15800
In base 9, what is 68278 - 36?
68242
In base 13, what is -5 - -c427?
c422
In base 5, what is 12334113 + -4?
12334104
In base 16, what is -d989 - 0?
-d989
In base 4, what is 32 + 120021?
120113
In base 11, what is 586 + 57?
632
In base 5, what is -1 + -40140401?
-40140402
In base 5, what is -121433 - 332?
-122320
In base 5, what is -104 + 241?
132
In base 6, what is -3520234 + 4?
-3520230
In base 5, what is 211 - 10020?
-4304
In base 7, what is 5 - -5035264?
5035302
In base 16, what is 6 + 459cf?
459d5
In base 6, what is 12033 - -10531?
23004
In base 3, what is 12 + 1011210002102?
1011210002121
In base 2, what is 10000111111 + -1010110?
1111101001
In base 15, what is -48 - -15e?
116
In base 10, what is 14 + -7647?
-7633
In base 3, what is -1202101 - 200202?
-2110010
In base 5, what is -4043244 + -10?
-4043304
In base 14, what is -1c6418 - -1?
-1c6417
In base 6, what is 0 + 105242542?
105242542
In base 12, what is 8 + 25868?
25874
In base 3, what is 11 - -122121010?
122121021
In base 9, what is 87518 - -4?
87523
In base 2, what is -1010101011010101 + 0?
-1010101011010101
In base 10, what is -8 + 2543?
2535
In base 12, what is 170 - 393?
-223
In base 7, what is -2561 - -21?
-2540
In base 8, what is 2 + 75150?
75152
In base 13, what is 677b - -12?
6790
In base 9, what is -75 - -1281?
1205
In base 5, what is -11011 - -13?
-10443
In base 9, what is -4 + 138144?
138140
In base 12, what is 14510b - -1?
145110
In base 5, what is 0 + 2442111?
2442111
In base 10, what is 269 + -487?
-218
In base 16, what is 161 + 11e?
27f
In base 2, what is -1 + 1111001001110?
1111001001101
In base 3, what is 110010102021 + 22?
110010102120
In base 15, what is 21d0 + 2?
21d2
In base 14, what is -9 + 1350?
1345
In base 12, what is 8a2 + 246?
b28
In base 9, what is 233 + -171?
52
In base 3, what is 122 + 1111102?
1112001
In base 11, what is 147412 + 5?
147417
In base 15, what is 2 - -73b8?
73ba
In base 3, what is 202 + 1121002?
1121211
In base 11, what is 2 - 46499?
-46497
In base 9, what is 213 + -7062?
-6748
In base 9, what is -5 + 128873?
128867
In base 7, what is 4 + 203110?
203114
In base 10, what is 3 + 140879?
140882
In base 15, what is 438 + -7?
431
In base 4, what is -33 + -1133100233?
-1133100332
In base 16, what is -5402 - 4a?
-544c
In base 9, what is -41 - 4252?
-4303
In base 12, what is -47407 - 0?
-47407
In base 5, what is 23132211 - 10?
23132201
In base 6, what is 225311 - -1?
225312
In base 13, what is -3718 - -13?
-3705
In base 12, what is 67 + 4161?
4208
In base 5, what is 221 - 211231?
-211010
In base 10, what is 4 - -79911?
79915
In base 3, what is -12210211 + 101?
-12210110
In base 14, what is -3 + 286ab?
286a8
In base 9, what is -4 - 166425?
-166430
In base 6, what is 124551 - -33?
125024
In base 12, what is 42b8b - 10?
42b7b
In base 12, what is 25b15 - -3?
25b18
In base 3, what is -11002 + -221112221?
-221201000
In base 2, what is 1000111 - -110001101010?
110010110001
In base 13, what is 10a8c83 + 2?
10a8c85
In base 14, what is -b + 1d8?
1cb
In base 5, what is -3331123 + -1?
-3331124
In base 14, what is -3c4 - -11?
-3b3
In base 5, what is -101230 + 2?
-101223
In base 15, what is 2a - -de7?
e22
In base 7, what is -1 - -3326?
3325
In base 6, what is 1003 - 115?
444
In base 16, what is 3352 - -2?
3354
In base 14, what is -2 - -4291?
428d
In base 13, what is 13c27 - 3?
13c24
In base 9, what is -5 - 117258?
-117264
In base 3, what is 120002 + 2022220?
2212222
In base 5, what is -14140431 + -10?
-14140441
In base 4, what is 211320230 + 11?
211320301
In base 9, what is -210 - -1603?
1383
In base 9, what is 566583 - -4?
566587
In base 5, what is 130030 - 10?
130020
In base 7, what is -25453 - -125?
-25325
In base 9, what is -4344644 - -2?
-4344642
In base 5, what is 323313 - 1?
323312
In base 6, what is 131402 + 2115?
133521
In base 4, what is -12221103 - -3?
-12221100
In base 12, what is 3 + 6a1?
6a4
In base 11, what is 227 - 69?
169
In base 4, what is -2001322220 - -1?
-2001322213
In base 4, what is 10202 + 12121?
22323
In base 16, what is -3 - -50d0d?
50d0a
In base 16, what is 1ea6 - -104?
1faa
In base 7, what is -2 - -20040?
20035
In base 15, what is 3ebd + -17?
3ea6
In base 15, what is 5 - -4106a?
41070
In base 4, what is 1321220 + -113?
1321101
In base 4, what is -31302023 - 1?
-31302030
In base 6, what is 3 + 10001050?
10001053
In base 10, what is -2 - -18355?
18353
In base 16, what is 1edc3c + -3?
1edc39
In base 8, what is -7264776 + 1?
-7264775
In base 4, what is 303 - -220013?
220322
In base 15, what is 1d05 - 19?
1cdb
In base 6, what is -52023 - -22?
-52001
In base 7, what is 22336 + -11?
22325
In base 9, what is -16 + -11408?
-11425
In base 6, what is -104 - -20501?
20353
In base 11, what is -893710 + 0?
-893710
In base 12, what is -16a + -1118?
-1286
In base 8, what is -5 + -3254377?
-3254404
In base 12, what is -383b - -264?
-3597
In base 2, what is -1110 + 10111010111100?
10111010101110
In base 8, what is 7766 - -16?
10004
In base 5, what is -10 - -1234241?
1234231
In base 12, what is -5815 + -5?
-581a
In base 12, what is 12 - 35634?
-35622
In base 13, what is 10 + 28c?
29c
In base 6, what is 123543 - -1?
123544
In base 13, what is -9a - -68?
-32
In base 10, what is -13 + -168698?
-168711
In base 10, what is 1056882 + 1?
1056883
In base 6, what is -30 - 432511?
-432541
In base 15, what is -6405c + -2?
-6405e
In base 7, what is -4 + -24356?
-24363
In base 15, what is -1da + 317?
12c
In base 6, what is -5 + -44553001?
-44553010
In base 6, what is -11350141 + -4?
-11350145
In base 11, what is -150024 +